{"id":257,"date":"2023-09-20T09:09:43","date_gmt":"2023-09-20T08:09:43","guid":{"rendered":"https:\/\/iotmadlab.es\/?post_type=evento&#038;p=257"},"modified":"2023-10-19T08:20:59","modified_gmt":"2023-10-19T07:20:59","slug":"acto-formal-de-inauguracion-del-iotmadlab-3","status":"publish","type":"evento","link":"https:\/\/iotmadlab.es\/en\/evento\/acto-formal-de-inauguracion-del-iotmadlab-3\/","title":{"rendered":"Acto formal de inauguraci\u00f3n del IoTMADLAB 3"},"content":{"rendered":"\n<p>Puede acceder al canal de streaming desde donde se retransmitir\u00e1 dicho acto en el siguiente enlace. <br><br>Tras el acto formal de inauguraci\u00f3n, a las 12:00 se celebrar\u00e1 una Jornada t\u00e9cnica sobre Energ\u00eda, iluminaci\u00f3n e interoperabilidad que ser\u00e1 tambi\u00e9n retransmitida en el citado canal de streaming<\/p>\n\n\n\n<p><\/p>\n","protected":false},"excerpt":{"rendered":"<p>Puede acceder al canal de streaming desde donde se retransmitir\u00e1 dicho acto en el siguiente enlace. <\/p>\n<p>Tras el acto formal de inauguraci\u00f3n, a las 12:00 se celebrar\u00e1 una Jornada t\u00e9cnica sobre Energ\u00eda, iluminaci\u00f3n e interoperabilidad que ser\u00e1 tambi\u00e9n retransmitida en el citado canal de streaming.<\/p>\n","protected":false},"featured_media":2175,"template":"","meta":{"_acf_changed":false,"inline_featured_image":false},"cat_evento":[37,11],"class_list":["post-257","evento","type-evento","status-publish","has-post-thumbnail","hentry"],"acf":[],"_links":{"self":[{"href":"https:\/\/iotmadlab.es\/en\/wp-json\/wp\/v2\/evento\/257","targetHints":{"allow":["GET"]}}],"collection":[{"href":"https:\/\/iotmadlab.es\/en\/wp-json\/wp\/v2\/evento"}],"about":[{"href":"https:\/\/iotmadlab.es\/en\/wp-json\/wp\/v2\/types\/evento"}],"wp:featuredmedia":[{"embeddable":true,"href":"https:\/\/iotmadlab.es\/en\/wp-json\/wp\/v2\/media\/2175"}],"wp:attachment":[{"href":"https:\/\/iotmadlab.es\/en\/wp-json\/wp\/v2\/media?parent=257"}],"wp:term":[{"taxonomy":"cat_evento","embeddable":true,"href":"https:\/\/iotmadlab.es\/en\/wp-json\/wp\/v2\/cat_evento?post=257"}],"curies":[{"name":"wp","href":"https:\/\/api.w.org\/{rel}","templated":true}]}}

Acto formal de inauguración del IoTMADLAB 3

<p>Puede acceder al canal de streaming desde donde se retransmitirá dicho acto en el siguiente enlace. <br><br>Tras el acto formal de inauguración, a las 12:00 se celebrará una Jornada técnica sobre Energía, iluminación e interoperabilidad que será también retransmitida en el citado canal de streaming</p>



<p></p>

<p>Puede acceder al canal de streaming desde donde se retransmitirá dicho acto en el siguiente enlace. </p>
<p>Tras el acto formal de inauguración, a las 12:00 se celebrará una Jornada técnica sobre Energía, iluminación e interoperabilidad que será también retransmitida en el citado canal de streaming.</p>
